{"id":4075,"date":"2019-08-21T20:13:39","date_gmt":"2019-08-21T18:13:39","guid":{"rendered":"https:\/\/heuer-cup.de\/?page_id=4075"},"modified":"2020-01-05T19:07:48","modified_gmt":"2020-01-05T18:07:48","slug":"etappen-2019","status":"publish","type":"page","link":"https:\/\/heuer-cup.de\/en\/etappen-2019\/","title":{"rendered":"Etappen 2019"},"content":{"rendered":"<div class=\"vc_row wpb_row vc_row-fluid\"><div class=\"wpb_column vc_column_container vc_col-sm-12\"><div class=\"vc_column-inner\"><div class=\"wpb_wrapper\">\n\t<div class=\"wpb_text_column wpb_content_element\" >\n\t\t<div class=\"wpb_wrapper\">\n\t\t\t<p>Wir haben es geschafft. Die Etappen f\u00fcr 2019 stehen. Einige Vereine ben\u00f6tigen nur noch die beh\u00f6rdlichen Genehmingungen, deshalb sind die Rennen noch unter Vorbehalt eingetragen oder auch noch nicht ver\u00f6ffentlicht.<\/p>\n<p>Wir behalten uns ausdr\u00fccklich vor, noch weitere Etappen aufzunehmen oder Etappen zu streichen, wenn dies aus terminlicher oder organisatorischen Gr\u00fcnden notwendig ist.<\/p>\n<p>In der Krit-Challenge konnten wir leider den 4 Renntag in Ebringen nicht als Etappe aufnehmen, da die Zeitfenster f\u00fcr die einzelnen Rennen nicht gem\u00e4\u00df den Anforderungen des HEUER-Cups dargestellt werden konnten. Dies betrifft auch die geplante Etappe der Nachwuchsklasse in Ebringen. Die KritChallenge findet jetzt \u00fcber 3 Tage statt. Die Ausschreibung zur\u00a0<a href=\"https:\/\/heuer-cup.eu\/?KritChallenge___Ausschreibung\">KritChallenge<\/a>\u00a0ist jetzt ver\u00f6ffentlicht.<\/p>\n<p>Die Planungen der Abschlussveranstaltung in Notzingen l\u00e4uft auf Hochtouren, leider haben wir auch hier noch nicht die notwendigen beh\u00f6rdlichen Genehmigungen, sind aber zuversichtlich, dass wir diese Etappe bei uns vor der T\u00fcre veranstalten werden.<\/p>\n<p>Wir freuen uns auf viele tolle Rennen mit Euch und tolle Begegnungen.<\/p>\n<p>Vorab folgende freibleibende \u00dcbersicht:<\/p>\n<figure style=\"width: 540px\" class=\"wp-caption aligncenter\"><img loading=\"lazy\" class=\"bild\" title=\"\u00dcbersicht 2019\" src=\"https:\/\/heuer-cup.eu\/userfiles\/images\/Vereine\/bersicht%202019.JPG\" alt=\"Etappen des HEUER-Cup 2019\" width=\"540\" height=\"927\" \/><figcaption class=\"wp-caption-text\">Etappen des HEUER-Cup 2019<\/figcaption><\/figure>\n<p>&nbsp;<\/p>\n<div class=\"tplge_submenu\">\n<h4><\/h4>\n<ul class=\"submenu\">\n<li class=\"docs\"><a href=\"https:\/\/heuer-cup.de\/en\/etappen-2019\/rund-um-schoenaich\/\">Rund um Sch\u00f6naich<\/a><\/li>\n<li class=\"docs\"><a href=\"https:\/\/heuer-cup.de\/en\/etappen-2019\/muensingen\/\">M\u00fcnsingen<\/a><\/li>\n<li class=\"docs\"><a href=\"https:\/\/heuer-cup.de\/en\/etappen-2019\/ellmendingen-rund-um-keltern\/\">Ellmendingen &#8211; Rund um Keltern<\/a><\/li>\n<li class=\"docs\"><a href=\"https:\/\/heuer-cup.de\/en\/etappen-2019\/41-konstanzer-city-radrennen\/\">41. Konstanzer City Radrennen<\/a><\/li>\n<li class=\"docs\"><a href=\"https:\/\/heuer-cup.de\/en\/etappen-2019\/rv-pfeil-plattenhardt\/\">RV Pfeil Plattenhardt<\/a><\/li>\n<li class=\"docs\"><a href=\"https:\/\/heuer-cup.de\/en\/etappen-2019\/biberach\/\">Biberach<\/a><\/li>\n<li class=\"docs\"><a href=\"https:\/\/heuer-cup.de\/en\/etappen-2019\/ilsfeld-auenstein\/\">Ilsfeld &#8211; Auenstein<\/a><\/li>\n<li class=\"doc\"><a href=\"https:\/\/heuer-cup.de\/en\/etappen-2019\/krit-challenge\/\">Krit-Challenge 2019<\/a><\/li>\n<li class=\"docs\"><a href=\"https:\/\/heuer-cup.de\/en\/etappen-2019\/reute\/\">Reute<\/a><\/li>\n<li class=\"doc\"><a href=\"https:\/\/heuer-cup.de\/en\/etappen-2019\/riderman\/\">RiderMan<\/a><\/li>\n<\/ul>\n<\/div>\n<div id=\"tplge_prevtopnext\"><\/div>\n\n\t\t<\/div>\n\t<\/div>\n<\/div><\/div><\/div><\/div>","protected":false},"excerpt":{"rendered":"Wir haben es geschafft. Die Etappen f\u00fcr 2019 stehen. Einige Vereine ben\u00f6tigen nur noch die beh\u00f6rdlichen Genehmingungen, deshalb sind die Rennen noch unter Vorbehalt eingetragen oder auch noch nicht ver\u00f6ffentlicht. Wir behalten uns ausdr\u00fccklich vor, noch weitere Etappen aufzunehmen oder Etappen zu streichen, wenn dies aus terminlicher oder organisatorischen Gr\u00fcnden notwendig ist. In der Krit-Challenge [...]","protected":false},"author":1,"featured_media":0,"parent":0,"menu_order":0,"comment_status":"closed","ping_status":"closed","template":"","meta":[],"yoast_head":"<!-- This site is optimized with the Yoast SEO plugin v16.9 - https:\/\/yoast.com\/wordpress\/plugins\/seo\/ -->\n<title>Etappen 2019 des HEUER-Cup mit der Klassen\u00fcbersicht<\/title>\n<meta name=\"description\" content=\"Etappen 2019 des HEUER-Cups mit der \u00dcbersicht der Termine und den angebotenen Klassen mit KritChallenge und RiderMan in Bad D\u00fcrrheim\" \/>\n<meta name=\"robots\" content=\"index, follow, max-snippet:-1, max-image-preview:large, max-video-preview:-1\" \/>\n<link rel=\"canonical\" href=\"https:\/\/heuer-cup.de\/en\/etappen-2019\/\" \/>\n<meta property=\"og:locale\" content=\"en_GB\" \/>\n<meta property=\"og:type\" content=\"article\" \/>\n<meta property=\"og:title\" content=\"Etappen 2019 des HEUER-Cup mit der Klassen\u00fcbersicht\" \/>\n<meta property=\"og:description\" content=\"Etappen 2019 des HEUER-Cups mit der \u00dcbersicht der Termine und den angebotenen Klassen mit KritChallenge und RiderMan in Bad D\u00fcrrheim\" \/>\n<meta property=\"og:url\" content=\"https:\/\/heuer-cup.de\/en\/etappen-2019\/\" \/>\n<meta property=\"og:site_name\" content=\"HEUER-Cup\" \/>\n<meta property=\"article:publisher\" content=\"https:\/\/www.facebook.com\/HeuerCup\/\" \/>\n<meta property=\"article:modified_time\" content=\"2020-01-05T18:07:48+00:00\" \/>\n<meta property=\"og:image\" content=\"https:\/\/heuer-cup.eu\/userfiles\/images\/Vereine\/bersicht%202019.JPG\" \/>\n<meta name=\"twitter:card\" content=\"summary_large_image\" \/>\n<meta name=\"twitter:site\" content=\"@Heuer_Cup\" \/>\n<meta name=\"twitter:label1\" content=\"Estimated reading time\" \/>\n\t<meta name=\"twitter:data1\" content=\"1 minute\" \/>\n<script type=\"application\/ld+json\" class=\"yoast-schema-graph\">{\"@context\":\"https:\/\/schema.org\",\"@graph\":[{\"@type\":\"Organization\",\"@id\":\"https:\/\/heuer-cup.de\/#organization\",\"name\":\"Heuer Radsport\",\"url\":\"https:\/\/heuer-cup.de\/\",\"sameAs\":[\"https:\/\/www.facebook.com\/HeuerCup\/\",\"https:\/\/www.instagram.com\/heuer_cup\/\",\"https:\/\/www.youtube.com\/channel\/UCuFkVFhY376_zRGfw_0Oy-Q\",\"https:\/\/twitter.com\/Heuer_Cup\"],\"logo\":{\"@type\":\"ImageObject\",\"@id\":\"https:\/\/heuer-cup.de\/#logo\",\"inLanguage\":\"en-GB\",\"url\":\"https:\/\/heuer-cup.de\/wp-content\/uploads\/2019\/01\/logo2.jpg\",\"contentUrl\":\"https:\/\/heuer-cup.de\/wp-content\/uploads\/2019\/01\/logo2.jpg\",\"width\":750,\"height\":186,\"caption\":\"Heuer Radsport\"},\"image\":{\"@id\":\"https:\/\/heuer-cup.de\/#logo\"}},{\"@type\":\"WebSite\",\"@id\":\"https:\/\/heuer-cup.de\/#website\",\"url\":\"https:\/\/heuer-cup.de\/\",\"name\":\"Heuer Radsport\",\"description\":\"Vollgas! oder einfach: Kette rechts\",\"publisher\":{\"@id\":\"https:\/\/heuer-cup.de\/#organization\"},\"potentialAction\":[{\"@type\":\"SearchAction\",\"target\":{\"@type\":\"EntryPoint\",\"urlTemplate\":\"https:\/\/heuer-cup.de\/?s={search_term_string}\"},\"query-input\":\"required name=search_term_string\"}],\"inLanguage\":\"en-GB\"},{\"@type\":\"ImageObject\",\"@id\":\"https:\/\/heuer-cup.de\/etappen-2019\/#primaryimage\",\"inLanguage\":\"en-GB\",\"url\":\"https:\/\/heuer-cup.eu\/userfiles\/images\/Vereine\/bersicht%202019.JPG\",\"contentUrl\":\"https:\/\/heuer-cup.eu\/userfiles\/images\/Vereine\/bersicht%202019.JPG\"},{\"@type\":\"WebPage\",\"@id\":\"https:\/\/heuer-cup.de\/etappen-2019\/#webpage\",\"url\":\"https:\/\/heuer-cup.de\/etappen-2019\/\",\"name\":\"Etappen 2019 des HEUER-Cup mit der Klassen\\u00fcbersicht\",\"isPartOf\":{\"@id\":\"https:\/\/heuer-cup.de\/#website\"},\"primaryImageOfPage\":{\"@id\":\"https:\/\/heuer-cup.de\/etappen-2019\/#primaryimage\"},\"datePublished\":\"2019-08-21T18:13:39+00:00\",\"dateModified\":\"2020-01-05T18:07:48+00:00\",\"description\":\"Etappen 2019 des HEUER-Cups mit der \\u00dcbersicht der Termine und den angebotenen Klassen mit KritChallenge und RiderMan in Bad D\\u00fcrrheim\",\"breadcrumb\":{\"@id\":\"https:\/\/heuer-cup.de\/etappen-2019\/#breadcrumb\"},\"inLanguage\":\"en-GB\",\"potentialAction\":[{\"@type\":\"ReadAction\",\"target\":[\"https:\/\/heuer-cup.de\/etappen-2019\/\"]}]},{\"@type\":\"BreadcrumbList\",\"@id\":\"https:\/\/heuer-cup.de\/etappen-2019\/#breadcrumb\",\"itemListElement\":[{\"@type\":\"ListItem\",\"position\":1,\"name\":\"Home\",\"item\":\"https:\/\/heuer-cup.de\/\"},{\"@type\":\"ListItem\",\"position\":2,\"name\":\"Etappen 2019\"}]}]}<\/script>\n<!-- \/ Yoast SEO plugin. -->","yoast_head_json":{"title":"Etappen 2019 des HEUER-Cup mit der Klassen\u00fcbersicht","description":"Etappen 2019 des HEUER-Cups mit der \u00dcbersicht der Termine und den angebotenen Klassen mit KritChallenge und RiderMan in Bad D\u00fcrrheim","robots":{"index":"index","follow":"follow","max-snippet":"max-snippet:-1","max-image-preview":"max-image-preview:large","max-video-preview":"max-video-preview:-1"},"canonical":"https:\/\/heuer-cup.de\/en\/etappen-2019\/","og_locale":"en_GB","og_type":"article","og_title":"Etappen 2019 des HEUER-Cup mit der Klassen\u00fcbersicht","og_description":"Etappen 2019 des HEUER-Cups mit der \u00dcbersicht der Termine und den angebotenen Klassen mit KritChallenge und RiderMan in Bad D\u00fcrrheim","og_url":"https:\/\/heuer-cup.de\/en\/etappen-2019\/","og_site_name":"HEUER-Cup","article_publisher":"https:\/\/www.facebook.com\/HeuerCup\/","article_modified_time":"2020-01-05T18:07:48+00:00","og_image":[{"url":"https:\/\/heuer-cup.eu\/userfiles\/images\/Vereine\/bersicht%202019.JPG"}],"twitter_card":"summary_large_image","twitter_site":"@Heuer_Cup","twitter_misc":{"Estimated reading time":"1 minute"},"schema":{"@context":"https:\/\/schema.org","@graph":[{"@type":"Organization","@id":"https:\/\/heuer-cup.de\/#organization","name":"Heuer Radsport","url":"https:\/\/heuer-cup.de\/","sameAs":["https:\/\/www.facebook.com\/HeuerCup\/","https:\/\/www.instagram.com\/heuer_cup\/","https:\/\/www.youtube.com\/channel\/UCuFkVFhY376_zRGfw_0Oy-Q","https:\/\/twitter.com\/Heuer_Cup"],"logo":{"@type":"ImageObject","@id":"https:\/\/heuer-cup.de\/#logo","inLanguage":"en-GB","url":"https:\/\/heuer-cup.de\/wp-content\/uploads\/2019\/01\/logo2.jpg","contentUrl":"https:\/\/heuer-cup.de\/wp-content\/uploads\/2019\/01\/logo2.jpg","width":750,"height":186,"caption":"Heuer Radsport"},"image":{"@id":"https:\/\/heuer-cup.de\/#logo"}},{"@type":"WebSite","@id":"https:\/\/heuer-cup.de\/#website","url":"https:\/\/heuer-cup.de\/","name":"Heuer Radsport","description":"Vollgas! oder einfach: Kette rechts","publisher":{"@id":"https:\/\/heuer-cup.de\/#organization"},"potentialAction":[{"@type":"SearchAction","target":{"@type":"EntryPoint","urlTemplate":"https:\/\/heuer-cup.de\/?s={search_term_string}"},"query-input":"required name=search_term_string"}],"inLanguage":"en-GB"},{"@type":"ImageObject","@id":"https:\/\/heuer-cup.de\/etappen-2019\/#primaryimage","inLanguage":"en-GB","url":"https:\/\/heuer-cup.eu\/userfiles\/images\/Vereine\/bersicht%202019.JPG","contentUrl":"https:\/\/heuer-cup.eu\/userfiles\/images\/Vereine\/bersicht%202019.JPG"},{"@type":"WebPage","@id":"https:\/\/heuer-cup.de\/etappen-2019\/#webpage","url":"https:\/\/heuer-cup.de\/etappen-2019\/","name":"Etappen 2019 des HEUER-Cup mit der Klassen\u00fcbersicht","isPartOf":{"@id":"https:\/\/heuer-cup.de\/#website"},"primaryImageOfPage":{"@id":"https:\/\/heuer-cup.de\/etappen-2019\/#primaryimage"},"datePublished":"2019-08-21T18:13:39+00:00","dateModified":"2020-01-05T18:07:48+00:00","description":"Etappen 2019 des HEUER-Cups mit der \u00dcbersicht der Termine und den angebotenen Klassen mit KritChallenge und RiderMan in Bad D\u00fcrrheim","breadcrumb":{"@id":"https:\/\/heuer-cup.de\/etappen-2019\/#breadcrumb"},"inLanguage":"en-GB","potentialAction":[{"@type":"ReadAction","target":["https:\/\/heuer-cup.de\/etappen-2019\/"]}]},{"@type":"BreadcrumbList","@id":"https:\/\/heuer-cup.de\/etappen-2019\/#breadcrumb","itemListElement":[{"@type":"ListItem","position":1,"name":"Home","item":"https:\/\/heuer-cup.de\/"},{"@type":"ListItem","position":2,"name":"Etappen 2019"}]}]}},"_links":{"self":[{"href":"https:\/\/heuer-cup.de\/en\/wp-json\/wp\/v2\/pages\/4075"}],"collection":[{"href":"https:\/\/heuer-cup.de\/en\/wp-json\/wp\/v2\/pages"}],"about":[{"href":"https:\/\/heuer-cup.de\/en\/wp-json\/wp\/v2\/types\/page"}],"author":[{"embeddable":true,"href":"https:\/\/heuer-cup.de\/en\/wp-json\/wp\/v2\/users\/1"}],"replies":[{"embeddable":true,"href":"https:\/\/heuer-cup.de\/en\/wp-json\/wp\/v2\/comments?post=4075"}],"version-history":[{"count":6,"href":"https:\/\/heuer-cup.de\/en\/wp-json\/wp\/v2\/pages\/4075\/revisions"}],"predecessor-version":[{"id":5546,"href":"https:\/\/heuer-cup.de\/en\/wp-json\/wp\/v2\/pages\/4075\/revisions\/5546"}],"wp:attachment":[{"href":"https:\/\/heuer-cup.de\/en\/wp-json\/wp\/v2\/media?parent=4075"}],"curies":[{"name":"wp","href":"https:\/\/api.w.org\/{rel}","templated":true}]}}

<div class="vc_row wpb_row vc_row-fluid"><div class="wpb_column vc_column_container vc_col-sm-12"><div class="vc_column-inner"><div class="wpb_wrapper">
	<div class="wpb_text_column wpb_content_element" >
		<div class="wpb_wrapper">
			<p>Wir haben es geschafft. Die Etappen für 2019 stehen. Einige Vereine benötigen nur noch die behördlichen Genehmingungen, deshalb sind die Rennen noch unter Vorbehalt eingetragen oder auch noch nicht veröffentlicht.</p>
<p>Wir behalten uns ausdrücklich vor, noch weitere Etappen aufzunehmen oder Etappen zu streichen, wenn dies aus terminlicher oder organisatorischen Gründen notwendig ist.</p>
<p>In der Krit-Challenge konnten wir leider den 4 Renntag in Ebringen nicht als Etappe aufnehmen, da die Zeitfenster für die einzelnen Rennen nicht gemäß den Anforderungen des HEUER-Cups dargestellt werden konnten. Dies betrifft auch die geplante Etappe der Nachwuchsklasse in Ebringen. Die KritChallenge findet jetzt über 3 Tage statt. Die Ausschreibung zur <a href="https://heuer-cup.eu/?KritChallenge___Ausschreibung">KritChallenge</a> ist jetzt veröffentlicht.</p>
<p>Die Planungen der Abschlussveranstaltung in Notzingen läuft auf Hochtouren, leider haben wir auch hier noch nicht die notwendigen behördlichen Genehmigungen, sind aber zuversichtlich, dass wir diese Etappe bei uns vor der Türe veranstalten werden.</p>
<p>Wir freuen uns auf viele tolle Rennen mit Euch und tolle Begegnungen.</p>
<p>Vorab folgende freibleibende Übersicht:</p>
<figure style="width: 540px" class="wp-caption aligncenter"><img loading="lazy" class="bild" title="Übersicht 2019" src="https://heuer-cup.eu/userfiles/images/Vereine/bersicht%202019.JPG" alt="Etappen des HEUER-Cup 2019" width="540" height="927" /><figcaption class="wp-caption-text">Etappen des HEUER-Cup 2019</figcaption></figure>
<p>&nbsp;</p>
<div class="tplge_submenu">
<h4></h4>
<ul class="submenu">
<li class="docs"><a href="https://heuer-cup.de/en/etappen-2019/rund-um-schoenaich/">Rund um Schönaich</a></li>
<li class="docs"><a href="https://heuer-cup.de/en/etappen-2019/muensingen/">Münsingen</a></li>
<li class="docs"><a href="https://heuer-cup.de/en/etappen-2019/ellmendingen-rund-um-keltern/">Ellmendingen &#8211; Rund um Keltern</a></li>
<li class="docs"><a href="https://heuer-cup.de/en/etappen-2019/41-konstanzer-city-radrennen/">41. Konstanzer City Radrennen</a></li>
<li class="docs"><a href="https://heuer-cup.de/en/etappen-2019/rv-pfeil-plattenhardt/">RV Pfeil Plattenhardt</a></li>
<li class="docs"><a href="https://heuer-cup.de/en/etappen-2019/biberach/">Biberach</a></li>
<li class="docs"><a href="https://heuer-cup.de/en/etappen-2019/ilsfeld-auenstein/">Ilsfeld &#8211; Auenstein</a></li>
<li class="doc"><a href="https://heuer-cup.de/en/etappen-2019/krit-challenge/">Krit-Challenge 2019</a></li>
<li class="docs"><a href="https://heuer-cup.de/en/etappen-2019/reute/">Reute</a></li>
<li class="doc"><a href="https://heuer-cup.de/en/etappen-2019/riderman/">RiderMan</a></li>
</ul>
</div>
<div id="tplge_prevtopnext"></div>

		</div>
	</div>
</div></div></div></div>

Wir haben es geschafft. Die Etappen für 2019 stehen. Einige Vereine benötigen nur noch die behördlichen Genehmingungen, deshalb sind die Rennen noch unter Vorbehalt eingetragen oder auch noch nicht veröffentlicht. Wir behalten uns ausdrücklich vor, noch weitere Etappen aufzunehmen oder Etappen zu streichen, wenn dies aus terminlicher oder organisatorischen Gründen notwendig ist. In der Krit-Challenge [...]

<!-- This site is optimized with the Yoast SEO plugin v16.9 - https://yoast.com/wordpress/plugins/seo/ -->
<title>Etappen 2019 des HEUER-Cup mit der Klassenübersicht</title>
<meta name="description" content="Etappen 2019 des HEUER-Cups mit der Übersicht der Termine und den angebotenen Klassen mit KritChallenge und RiderMan in Bad Dürrheim" />
<meta name="robots" content="index, follow, max-snippet:-1, max-image-preview:large, max-video-preview:-1" />
<link rel="canonical" href="https://heuer-cup.de/en/etappen-2019/" />
<meta property="og:locale" content="en_GB" />
<meta property="og:type" content="article" />
<meta property="og:title" content="Etappen 2019 des HEUER-Cup mit der Klassenübersicht" />
<meta property="og:description" content="Etappen 2019 des HEUER-Cups mit der Übersicht der Termine und den angebotenen Klassen mit KritChallenge und RiderMan in Bad Dürrheim" />
<meta property="og:url" content="https://heuer-cup.de/en/etappen-2019/" />
<meta property="og:site_name" content="HEUER-Cup" />
<meta property="article:publisher" content="https://www.facebook.com/HeuerCup/" />
<meta property="article:modified_time" content="2020-01-05T18:07:48+00:00" />
<meta property="og:image" content="https://heuer-cup.eu/userfiles/images/Vereine/bersicht%202019.JPG" />
<meta name="twitter:card" content="summary_large_image" />
<meta name="twitter:site" content="@Heuer_Cup" />
<meta name="twitter:label1" content="Estimated reading time" />
	<meta name="twitter:data1" content="1 minute" />
<script type="application/ld+json" class="yoast-schema-graph">{"@context":"https://schema.org","@graph":[{"@type":"Organization","@id":"https://heuer-cup.de/#organization","name":"Heuer Radsport","url":"https://heuer-cup.de/","sameAs":["https://www.facebook.com/HeuerCup/","https://www.instagram.com/heuer_cup/","https://www.youtube.com/channel/UCuFkVFhY376_zRGfw_0Oy-Q","https://twitter.com/Heuer_Cup"],"logo":{"@type":"ImageObject","@id":"https://heuer-cup.de/#logo","inLanguage":"en-GB","url":"https://heuer-cup.de/wp-content/uploads/2019/01/logo2.jpg","contentUrl":"https://heuer-cup.de/wp-content/uploads/2019/01/logo2.jpg","width":750,"height":186,"caption":"Heuer Radsport"},"image":{"@id":"https://heuer-cup.de/#logo"}},{"@type":"WebSite","@id":"https://heuer-cup.de/#website","url":"https://heuer-cup.de/","name":"Heuer Radsport","description":"Vollgas! oder einfach: Kette rechts","publisher":{"@id":"https://heuer-cup.de/#organization"},"potentialAction":[{"@type":"SearchAction","target":{"@type":"EntryPoint","urlTemplate":"https://heuer-cup.de/?s={search_term_string}"},"query-input":"required name=search_term_string"}],"inLanguage":"en-GB"},{"@type":"ImageObject","@id":"https://heuer-cup.de/etappen-2019/#primaryimage","inLanguage":"en-GB","url":"https://heuer-cup.eu/userfiles/images/Vereine/bersicht%202019.JPG","contentUrl":"https://heuer-cup.eu/userfiles/images/Vereine/bersicht%202019.JPG"},{"@type":"WebPage","@id":"https://heuer-cup.de/etappen-2019/#webpage","url":"https://heuer-cup.de/etappen-2019/","name":"Etappen 2019 des HEUER-Cup mit der Klassen\u00fcbersicht","isPartOf":{"@id":"https://heuer-cup.de/#website"},"primaryImageOfPage":{"@id":"https://heuer-cup.de/etappen-2019/#primaryimage"},"datePublished":"2019-08-21T18:13:39+00:00","dateModified":"2020-01-05T18:07:48+00:00","description":"Etappen 2019 des HEUER-Cups mit der \u00dcbersicht der Termine und den angebotenen Klassen mit KritChallenge und RiderMan in Bad D\u00fcrrheim","breadcrumb":{"@id":"https://heuer-cup.de/etappen-2019/#breadcrumb"},"inLanguage":"en-GB","potentialAction":[{"@type":"ReadAction","target":["https://heuer-cup.de/etappen-2019/"]}]},{"@type":"BreadcrumbList","@id":"https://heuer-cup.de/etappen-2019/#breadcrumb","itemListElement":[{"@type":"ListItem","position":1,"name":"Home","item":"https://heuer-cup.de/"},{"@type":"ListItem","position":2,"name":"Etappen 2019"}]}]}</script>
<!-- / Yoast SEO plugin. -->

Etappen 2019 des HEUER-Cup mit der Klassenübersicht

Etappen 2019 des HEUER-Cups mit der Übersicht der Termine und den angebotenen Klassen mit KritChallenge und RiderMan in Bad Dürrheim
